{"id":1074,"date":"2020-10-13T09:46:28","date_gmt":"2020-10-13T07:46:28","guid":{"rendered":"https:\/\/www.casamorra.org\/?post_type=omt&#038;p=1074"},"modified":"2020-10-13T09:46:28","modified_gmt":"2020-10-13T07:46:28","slug":"2016-sinfonia-per-verona","status":"publish","type":"omt","link":"https:\/\/www.casamorra.org\/en\/omt\/2016-sinfonia-per-verona\/","title":{"rendered":"2016 Sinfonia per Verona"},"content":{"rendered":"<p><img loading=\"lazy\" decoding=\"async\" class=\"alignnone size-medium wp-image-587\" src=\"https:\/\/www.casamorra.org\/wp-content\/uploads\/2020\/10\/2016_Hermann_Nitsch_AMO_invitoITA-300x171.jpg\" alt=\"\" width=\"300\" height=\"171\" srcset=\"https:\/\/www.casamorra.org\/wp-content\/uploads\/2020\/10\/2016_Hermann_Nitsch_AMO_invitoITA-300x171.jpg 300w, https:\/\/www.casamorra.org\/wp-content\/uploads\/2020\/10\/2016_Hermann_Nitsch_AMO_invitoITA.jpg 700w\" sizes=\"auto, (max-width: 300px) 100vw, 300px\" \/><\/p>\n<p>SINFONIA PER VERONA<strong><br \/>\n<\/strong>DI HERMANN NITSCH<\/p>\n<p>Orchestra Filarmonica di Verona<br \/>\nDiretta dal Maestro Andrea Cusumano<br \/>\nAuditorium Palazzo della Gran Guardia<br \/>\nPiazza Bra, 1 \u2013 Verona<\/p>\n<p>Sabato 15 ottobre 2016, ore 20.30<\/p>\n<p><a href=\"https:\/\/www.casamorra.org\/wp-content\/uploads\/2020\/10\/2016_Hermann_Nitsch_AMO_invitoITA.pdf\"><strong>INVITO<\/strong><\/a><\/p>\n<p><strong>Tra i Collateral di ArtVerona 2016, una mostra al Museo AMO, proveniente dal Theater Museum di (Vienna) e dal Museo Villa Stuck (Monaco), ripercorre il legame tra Hermann Nitsch, la sua sperimentazione drammatica e la storia del teatro contemporaneo<\/strong><\/p>\n<p>Da una collaborazione tra Comune di Verona, Veronafiere-ArtVerona, AMO Arena Museo Opera \u2013 Palazzo Forti, Atelier Hermann Nitsch, Nitsch Foundation di Vienna, Museo Hermann Nitsch- Archivio Laboratorio per le Arti Contemporanee di Napoli e con il supporto di Boxart di Verona nasce una straordinaria opportunit\u00e0 per il pubblico italiano, quella di esaminare in maniera esplicita il nucleo drammatico, le qualit\u00e0 sceniche e la contestualizzazione dell\u2019o.m. theater (Teatro delle Orge e dei Misteri) di Hermann Nitsch dentro la storia del teatro, in modo da offrire una visione pi\u00f9 estesa e comprensiva dell\u2019opera dell\u2019artista nel suo intero.<\/p>\n<p>Il focus della mostra, curata da Hubert Klocker, direttore della Friedrichshof Collection (Zurndorf\/Vienna), si concentra sul significato e sulla necessit\u00e0 dell\u2019esperienza diretta maturata attraverso la partecipazione all\u2019evento drammatico, e allo stesso tempo sul fatto che gli elementi individuali dell\u2019opera dell\u2019azionista viennese \u2013 soprattutto la pittura e il disegno, ma anche la musica e la letteratura \u2013 siano subordinati all\u2019elemento drammatico e performativo di base della poetica di Nitsch nel suo complesso.<\/p>\n<p>\u201cOspitare all\u2019Arena Museo Opera una mostra dell\u2019artista contemporaneo Hermann Nitsch\u201d dichiara Francesco Girondini, direttore del Museo AMO \u201csottolinea ancora di pi\u00f9 il fine che si \u00e8 dato questo museo fin dalla sua apertura: divulgare la conoscenza dell\u2019opera lirica, nello specifico l\u2019attivit\u00e0 artistica realizzata in oltre un secolo di vita dalla Fondazione Arena e, nel contempo, aprire la propria indagine espositiva in ambiti collaterali, proponendo al pubblico mostre di artisti che nella loro vita hanno spinto la propria ricerca artistica in forme espressive diverse ma affini, come la musica o il teatro cos\u00ec come per l\u2019appunto ha fatto Hermann Nitsch\u201d.<\/p>\n<p>In esposizione bozzetti, foto di scena, costumi ideati da Nitsch per alcune delle pi\u00f9 celebri rappresentazioni da lui dirette come regista, scenografo e costumista: H\u00e9rodiade di Jules Massenet alla Staatsoper di Vienna (1995), il Satyagraha di Philipp Glass al Festspielhaus di St. P\u00f6lten (2001), e il Faust di Robert Schumann per l\u2019Opernhaus di Zurigo (2007).<\/p>\n<p>L\u2019evento \u00e8 stato selezionato dalla XII edizione di ArtVerona, tra i suoi Collateral, che quest\u2019anno hanno come tema portante il genio di Wolfgang Amadeus Mozart.<\/p>\n<p>A proposito del celebre connazionale Nitsch scrive: \u00abMozart \u00e8 stato maestro di tutti i toni e i colori della composizione in maniera allegra ed esuberante. Egli \u00e8 riuscito a esprimere ugualmente il giubilo e il tragico. Io amo Le nozze Figaro cos\u00ec come la sua Sinfonia \u201cJupiter\u201d, e alla stessa maniera amo la Sinfonia in Sol Minore o il suo Requiem. Con il Requiem, Mozart raggiunge il suo apice. L\u2019arte ha finalmente un esito metafisico. Con il Requiem Mozart \u00e8 riuscito a rendere allegra una trasfigurazione, la morte diventa una rinascita, una risurrezione. Tutto lo spettro della luce germoglia da una profonda malinconia. Le guerre atomiche si spera siano annullate cos\u00ec, fin dall\u2019inizio\u2026\u00bb.<\/p>\n<p>Anche a Hermann Nitsch si deve la composizione di un Requiem, per la seconda moglie Beate K\u00f6nig, scomparsa prematuramente. Quella musica \u00e8 diventata la colonna sonora dell\u2019Azione n. 56 dell\u2019artista viennese.<\/p>\n<p><strong>La \u201cSinfonia per Verona\u201d composta da Nitsch sar\u00e0 invece al centro di un grande concerto in programma nella Giornata del Contemporaneo Sabato 15 Ottobre 2016 all\u2019Auditorium del Palazzo della Gran Guardia (Piazza Bra, 1 \u2013 37121 Verona), dalle ore 21.00, e verr\u00e0 eseguita dall\u2019Orchestra Filarmonica di Verona.<\/strong><\/p>\n<p>A dirigere, sar\u00e0 invece Andrea Cusumano, Assessore alla Cultura di Palermo, e direttore d\u2019orchestra di innumerevoli performance dell\u2019artista.<\/p>\n","protected":false},"featured_media":0,"template":"","tipologia":[21],"class_list":["post-1074","omt","type-omt","status-publish","hentry","tipologia-music"],"acf":[],"_links":{"self":[{"href":"https:\/\/www.casamorra.org\/en\/wp-json\/wp\/v2\/omt\/1074","targetHints":{"allow":["GET"]}}],"collection":[{"href":"https:\/\/www.casamorra.org\/en\/wp-json\/wp\/v2\/omt"}],"about":[{"href":"https:\/\/www.casamorra.org\/en\/wp-json\/wp\/v2\/types\/omt"}],"wp:attachment":[{"href":"https:\/\/www.casamorra.org\/en\/wp-json\/wp\/v2\/media?parent=1074"}],"wp:term":[{"taxonomy":"tipologia","embeddable":true,"href":"https:\/\/www.casamorra.org\/en\/wp-json\/wp\/v2\/tipologia?post=1074"}],"curies":[{"name":"wp","href":"https:\/\/api.w.org\/{rel}","templated":true}]}}

<p><img loading="lazy" decoding="async" class="alignnone size-medium wp-image-587" src="https://www.casamorra.org/wp-content/uploads/2020/10/2016_Hermann_Nitsch_AMO_invitoITA-300x171.jpg" alt="" width="300" height="171" srcset="https://www.casamorra.org/wp-content/uploads/2020/10/2016_Hermann_Nitsch_AMO_invitoITA-300x171.jpg 300w, https://www.casamorra.org/wp-content/uploads/2020/10/2016_Hermann_Nitsch_AMO_invitoITA.jpg 700w" sizes="auto, (max-width: 300px) 100vw, 300px" /></p>
<p>SINFONIA PER VERONA<strong><br />
</strong>DI HERMANN NITSCH</p>
<p>Orchestra Filarmonica di Verona<br />
Diretta dal Maestro Andrea Cusumano<br />
Auditorium Palazzo della Gran Guardia<br />
Piazza Bra, 1 – Verona</p>
<p>Sabato 15 ottobre 2016, ore 20.30</p>
<p><a href="https://www.casamorra.org/wp-content/uploads/2020/10/2016_Hermann_Nitsch_AMO_invitoITA.pdf"><strong>INVITO</strong></a></p>
<p><strong>Tra i Collateral di ArtVerona 2016, una mostra al Museo AMO, proveniente dal Theater Museum di (Vienna) e dal Museo Villa Stuck (Monaco), ripercorre il legame tra Hermann Nitsch, la sua sperimentazione drammatica e la storia del teatro contemporaneo</strong></p>
<p>Da una collaborazione tra Comune di Verona, Veronafiere-ArtVerona, AMO Arena Museo Opera – Palazzo Forti, Atelier Hermann Nitsch, Nitsch Foundation di Vienna, Museo Hermann Nitsch- Archivio Laboratorio per le Arti Contemporanee di Napoli e con il supporto di Boxart di Verona nasce una straordinaria opportunità per il pubblico italiano, quella di esaminare in maniera esplicita il nucleo drammatico, le qualità sceniche e la contestualizzazione dell’o.m. theater (Teatro delle Orge e dei Misteri) di Hermann Nitsch dentro la storia del teatro, in modo da offrire una visione più estesa e comprensiva dell’opera dell’artista nel suo intero.</p>
<p>Il focus della mostra, curata da Hubert Klocker, direttore della Friedrichshof Collection (Zurndorf/Vienna), si concentra sul significato e sulla necessità dell’esperienza diretta maturata attraverso la partecipazione all’evento drammatico, e allo stesso tempo sul fatto che gli elementi individuali dell’opera dell’azionista viennese – soprattutto la pittura e il disegno, ma anche la musica e la letteratura – siano subordinati all’elemento drammatico e performativo di base della poetica di Nitsch nel suo complesso.</p>
<p>“Ospitare all’Arena Museo Opera una mostra dell’artista contemporaneo Hermann Nitsch” dichiara Francesco Girondini, direttore del Museo AMO “sottolinea ancora di più il fine che si è dato questo museo fin dalla sua apertura: divulgare la conoscenza dell’opera lirica, nello specifico l’attività artistica realizzata in oltre un secolo di vita dalla Fondazione Arena e, nel contempo, aprire la propria indagine espositiva in ambiti collaterali, proponendo al pubblico mostre di artisti che nella loro vita hanno spinto la propria ricerca artistica in forme espressive diverse ma affini, come la musica o il teatro così come per l’appunto ha fatto Hermann Nitsch”.</p>
<p>In esposizione bozzetti, foto di scena, costumi ideati da Nitsch per alcune delle più celebri rappresentazioni da lui dirette come regista, scenografo e costumista: Hérodiade di Jules Massenet alla Staatsoper di Vienna (1995), il Satyagraha di Philipp Glass al Festspielhaus di St. Pölten (2001), e il Faust di Robert Schumann per l’Opernhaus di Zurigo (2007).</p>
<p>L’evento è stato selezionato dalla XII edizione di ArtVerona, tra i suoi Collateral, che quest’anno hanno come tema portante il genio di Wolfgang Amadeus Mozart.</p>
<p>A proposito del celebre connazionale Nitsch scrive: «Mozart è stato maestro di tutti i toni e i colori della composizione in maniera allegra ed esuberante. Egli è riuscito a esprimere ugualmente il giubilo e il tragico. Io amo Le nozze Figaro così come la sua Sinfonia “Jupiter”, e alla stessa maniera amo la Sinfonia in Sol Minore o il suo Requiem. Con il Requiem, Mozart raggiunge il suo apice. L’arte ha finalmente un esito metafisico. Con il Requiem Mozart è riuscito a rendere allegra una trasfigurazione, la morte diventa una rinascita, una risurrezione. Tutto lo spettro della luce germoglia da una profonda malinconia. Le guerre atomiche si spera siano annullate così, fin dall’inizio…».</p>
<p>Anche a Hermann Nitsch si deve la composizione di un Requiem, per la seconda moglie Beate König, scomparsa prematuramente. Quella musica è diventata la colonna sonora dell’Azione n. 56 dell’artista viennese.</p>
<p><strong>La “Sinfonia per Verona” composta da Nitsch sarà invece al centro di un grande concerto in programma nella Giornata del Contemporaneo Sabato 15 Ottobre 2016 all’Auditorium del Palazzo della Gran Guardia (Piazza Bra, 1 – 37121 Verona), dalle ore 21.00, e verrà eseguita dall’Orchestra Filarmonica di Verona.</strong></p>
<p>A dirigere, sarà invece Andrea Cusumano, Assessore alla Cultura di Palermo, e direttore d’orchestra di innumerevoli performance dell’artista.</p>
